6*n + 188. What is q(31)?
2
Let y(r) = -r**3 - 17*r**2 + 19*r + 23. What is y(-18)?
5
Let j(y) = 4*y**2 + y + 1. Determine j(1).
6
Let f(n) = n**3 + 14*n**2 - 31*n + 19. Calculate f(-16).
3
Let b(p) = -p**2 - 7*p. Determine b(-7).
0
Let l(j) = 21*j - 68. Determine l(4).
16
Let b(f) = -15*f. Give b(2).
-30
Let w(h) = -2*h + 74. Calculate w(0).
74
Let f(i) = -3*i - 12. What is f(-5)?
3
Let z(f) = 8*f - 24. Give z(-8).
-88
Let x(c) = -c**3 + 5*c**2 + 8*c - 4. Calculate x(6).
8
Let n(t) = 4*t - 47. Calculate n(11).
-3
Let i(g) = g**2 - 2*g - 9. What is i(4)?
-1
Let i(w) = -9*w + 66. Give i(8).
-6
Let z(p) = 2*p**2 - 10*p + 13. Give z(6).
25
Let y(c) = 3*c - 2. What is y(3)?
7
Let c(l) = -l**2 + 10*l + 1. Give c(7).
22
Let g(f) = f**3 + 6*f**2 - 2*f - 35. What is g(-5)?
0
Let j(u) = u**3 - 2*u**2 + u. Determine j(-1).
-4
Let n(s) = 2*s**2 - 18*s - 13. What is n(7)?
-41
Let x(g) = -g**2 - 14*g - 8. What is x(-15)?
-23
Let q(r) = -r**2 - 7*r + 57. Give q(4).
13
Let r(h) = h**3 + 7*h**2 + 10*h - 1. Give r(-3).
5
Let i(a) = 9*a - 100. Determine i(12).
8
Let b(u) = 3*u - 22. Calculate b(16).
26
Let s(r) = 43*r - 134. Determine s(4).
38
Let j(h) = -h**3 - 8*h**2 - 7*h + 6. Determine j(-6).
-24
Let w(g) = -g**3 + 3*g. What is w(-3)?
18
Let i(q) = 8*q**2 + 82*q + 23. Calculate i(-10).
3
Let v(u) = -2*u**2 + 3*u - 12. Give v(5).
-47
Let y(z) = -z**3 + 8*z**2 + 12*z - 19. Determine y(9).
8
Let p(z) = -z - 4. Determine p(-1).
-3
Let a(d) = -d**3 + 16*d**2 + 15*d + 37. Determine a(17).
3
Let r(v) = -v**3 - 5*v**2 - 3*v + 1. Determine r(-3).
-8
Let g(h) = 3*h**2 - h - 4. Calculate g(-2).
10
Let o(u) = -u**3 - 4*u**2 - 2*u. What is o(-3)?
-3
Let q(u) = -u**3 + 5*u**2 - 2*u + 4. Calculate q(3).
16
Let b(o) = o**2 - 26. Determine b(-6).
10
Let o(p) = p**2 + p + 4. What is o(-4)?
16
Let u(m) = m**2 - 10*m - 9. Calculate u(8).
-25
Let a(s) = s**3 - 5*s**2 + 4*s + 2. Give a(4).
2
Let n(h) = -h - 4. What is n(-5)?
1
Let h(z) = -12*z + 118. Determine h(9).
10
Let t(j) = -60*j - 955. Give t(-16).
5
Let s(h) = h**2 + 10*h - 33. Calculate s(3).
6
Let f(h) = 2*h + 5. Calculate f(-9).
-13
Let c(q) = 20*q - 149. What is c(7)?
-9
Let r(x) = 2*x**3 - 2*x**2 + 4*x - 3. Calculate r(2).
13
Let p(z) = 3*z - 14. Calculate p(7).
7
Let o(u) = u**3 - 4*u**2 - u - 1. What is o(4)?
-5
Let t(r) = -2*r**3 + 11*r**2 + 2*r + 8. Determine t(6).
-16
Let x(y) = 2*y**2 + 25*y + 85. Give x(-4).
17
Let h(q) = q + 8. Calculate h(-6).
2
Let z(s) = 2*s**3 - 3*s**2 - 4*s - 2. Determine z(-2).
-22
Let p(b) = -3*b + 13. Determine p(4).
1
Let i(n) = -20*n**2 - 3*n - 4. Calculate i(-1).
-21
Let y(x) = x**2 - 10*x - 8. What is y(10)?
-8
Let m(u) = u**3 - 15*u**2 + u - 31. What is m(15)?
-16
Let t(j) = 16*j + 18. Give t(-2).
-14
Let c(r) = -3*r**2 - 16*r. Determine c(-5).
5
Let x(y) = 2*y**2 - 62*y - 47. Determine x(32).
17
Let b(i) = -i**2 - 4*i + 6. Calculate b(0).
6
Let c(a) = -a**3 - 5*a**2 - 7*a - 1. Calculate c(-5).
34
Let l(h) = -h**2 + 22*h + 242. Determine l(-8).
2
Let x(k) = -k**3 + 5*k**2 + k - 3. Calculate x(4).
17
Let a(n) = -n**3 - 2*n**2 - 2*n + 2. What is a(-2)?
6
Let h(p) = 25*p - 261. Give h(12).
39
Let x(w) = 183*w**3 - w**2 - 4*w - 2. Calculate x(-1).
-182
Let z(g) = 3*g - 80. Determine z(30).
10
Let f(s) = s + 5. Determine f(-3).
2
Let u(z) = 20*z - 264. What is u(13)?
-4
Let q(r) = -319*r + 1281. Give q(4).
5
Let z(k) = -6*k + 92. Calculate z(11).
26
Let l(h) = -h + 5. Calculate l(11).
-6
Let b(h) = h - 6. What is b(5)?
-1
Let p(b) = -b**3 + 4*b**2 - 3*b + 8. Give p(4).
-4
Let w(g) = g**2 + 15*g + 12. What is w(-11)?
-32
Let w(a) = -7*a**3 - a**2 + 1. Determine w(1).
-7
Let f(c) = -10*c + 176. Determine f(18).
-4
Let b(l) = 2*l. Calculate b(1).
2
Let l(a) = -2*a + 43. Determine l(15).
13
Let h(p) = 3*p**3 - 53*p**2 - 19*p + 19. Calculate h(18).
1
Let i(t) = 2*t**2 + 15*t + 19. Calculate i(-6).
1
Let w(x) = x + 10. What is w(0)?
10
Let h(x) = -7*x**2 - 55*x - 6. Calculate h(-7).
36
Let s(v) = 2*v**3 - v**2 + 2*v. Determine s(2).
16
Let i(f) = -f**3 + f**2 + f - 2. Calculate i(-2).
8
Let u(y) = -7*y + 50. What is u(6)?
8
Let c(l) = -2*l - 10. Give c(0).
-10
Let v(k) = -k**3 + 8*k**2 - 10*k + 7. What is v(6)?
19
Let s(g) = g**3 + 1. Calculate s(3).
28
Let p(d) = -d**3 + d**2 + 3*d. Give p(3).
-9
Let p(n) = 25*n**2 - n - 3. What is p(-1)?
23
Let r(f) = -5*f - 26. Give r(4).
-46
Let q(i) = -2*i + 15. Give q(13).
-11
Let p(f) = 3*f**2 - f + 1. What is p(-2)?
15
Let s(j) = -15*j - 54. Determine s(-3).
-9
Let f(v) = v - 30. Determine f(11).
-19
Let j(f) = -f**2 - 12*f - 19. Calculate j(-9).
8
Let k(u) = -3*u**2 + 2*u - 1. Calculate k(1).
-2
Let c(f) = 30*f - 365. Determine c(12).
-5
Let q(g) = 4*g - 7. What is q(0)?
-7
Let o(a) = -a**2 - 8*a - 5. Give o(-5).
10
Let g(i) = -6*i**2. Give g(-1).
-6
Let c(g) = -g**3 - 8*g**2 + 2*g + 23. What is c(-6)?
-61
Let v(a) = 6*a**2 - 3*a + 2. Determine v(-3).
65
Let y(l) = -l**3 - 8*l**2 - 9*l - 9. Determine y(-7).
5
Let i(j) = -2*j**2 + 4*j - 7. Determine i(3).
-13
Let y(z) = z**2 + 16*z - 19. Calculate y(-17).
-2
Let z(r) = -3*r**2 + r - 2. What is z(-2)?
-16
Let n(g) = -2*g - 3. Calculate n(7).
-17
Let q(y) = -6*y. Calculate q(-5).
30
Let x(f) = 6*f - 74. Give x(13).
4
Let h(o) = o**3 + 15*o**2 - 18*o - 24. Calculate h(-16).
8
Let y(i) = -i**3 - i**2 - i + 2. Give y(1).
-1
Let t(z) = -3*z**3 - 3*z**2 - 4*z - 2. Give t(-1).
2
Let m(b) = -b**3 - 34*b**2 + 4*b + 119. Determine m(-34).
-17
Let q(k) = -k**3 + 34*k**2 - 35*k + 63. What is q(33)?
-3
Let c(g) = g**3 - 2*g**2 + 5*g - 4. Determine c(3).
20
Let y(f) = 22*f**3 - f + 1. What is y(1)?
22
Let g(b) = -b**2 - 7*b + 4. Calculate g(0).
4
Let x(f) = 4*f + 5. Calculate x(-5).
-15
Let f(o) = 2*o**2 + 4*o - 4. Give f(2).
12
Let u(i) = 2*i**2 - 51*i + 20. Determine u(25).
-5
Let w(u) = u + 17. Determine w(-10).
7
Let l(m) = -41*m + 1. What is l(-1)?
42
Let m(d) = -d + 2. Calculate m(2).
0
Let w(j) = -8*j + 6. Calculate w(-5).
46
Let t(i) = i**3 + i**2 - i - 11. Give t(0).
-11
Let d(k) = -k**3 + 3*k**2 + 2*k + 2. Calculate d(4).
-6
Let j(y) = -31*y**2 + y + 1. Determine j(-1).
-31
Let u(v) = v**2 + 8*v + 3. Determine u(-2).
-9
Let k(a) = -12*a - 6. Determine k(-4).
42
Let k(b) = -12*b**2 - 6*b - 1. Give k(3).
-127
Let j(f) = -f**3 + 22*f**2 + 23*f - 14. Calculate j(23).
-14
Let w(g) = -g**3 + 9*g**2 - 13*g - 18. Determine w(7).
-11
Let i(f) = -f**2 - 16*f - 26. Give i(-15).
-11
Let q(g) = -3*g + 10. Calculate q(-7).
31
Let t(k) = 11*k + 20. What is t(-12)?
-112
Let s(u) = u**2 + 7*u. Calculate s(-6).
-6
Let h(j) = j**3 + 16*j**2 + 3*j - 32. What is h(-15)?
148
Let v(y) = -27*y - 156. Give v(-6).
6
Let v(k) = 5*k - 19. What is v(10)?
31
Let j(v) = 7*v + 1. Determine j(2).
15
Let d(w) = -2*w**3 - 4*w**2 + w. Determine d(-3).
15
Let h(y) = 2*y**2 + 6*y. What is h(5)?
80
Let y(a) = -3*a**2 + 35*a + 27. Give y(12).
15
Let g(x) = -3*x - 40. Determine g(0).
-40
Let k(n) = 2*n**2 + 29*n + 13. Calculate k(-14).
-1
Let w(d) = d**3 + 24*d**2 + 23*d + 13. What is w(-23)?
13
Let u(h) = 4*h + 46. Give u(-11).
2
Let l(c) = -15*c**2 + 1. Calculate l(1).
-14
Let k(t) = 9*t - 13. Determine k(7).
50
Let r(l) = -l**3 - 25*l**2 + 29*l + 72. Give r(-26).
-6
Let f(d) = d**2 + 40*d + 108. Determine f(-36).
-36
Let x(w) = -w**3 + 6*w**2 + 5*w + 14. Calculate x(7).
0
Let r(m) = m**3 - 4*m**2 + 10*m - 44. Calculate r(4).
-4
Let o(v) = 8*v**2 - 174*v - 37. Determine o(22).
7
Let u(t) = t**2 + 8*t - 6. Give u(-7).
-13
Let i(g) = 10*g - 4. Calculate i(3).
26
Let c(t) = -t**2 - 14*t - 25. Determine c(-2).
-1
Let w(p) = -p**3 + 8*p**2 - 12*p + 2. Give w(6).
2
Let b(s) = -s**3 - 5*s**2 - 6*s + 1. Calculate b(-5).
31
Let x(w) = w**2 - 14*w. Determine x(16).
32
Let j(q) = -61*q - 115. Give j(-2).
7
Let t(c) = c**2 - 25*c + 1. Determine t(18).
-125
Let j(n) = 3*n**3 + 14*n**2 + 4*n + 6. Calculate j(-4).
22
Let f(h) = h**2 - 9*h - 16. Give f(11).
6
Let q(m) = -m**2 - 16*m - 10. Give q(-8).
54
Let x(q) = -q**3 - 10*q**2 - 4*q - 12. Calculate x(-10).
28
Let o(m) = -22*m**2 - 9*m. Determine o(-2).
-70
Let q(d) = 4*d + 11. Determine q(9).
47
Let y(p) = p**3 - 8*p**2 + 2*p + 1. Give y(6).
-59
Let f(a) = -a**2 - 3*a - 9. Give f(-9).
-63
Let c(y) = -10*y - 11. Determine c(-9).
79
Let b(i) = i**3 + 6*i**2 - 19*i - 28. Determine b(-8).
-4
Let q(y) = 